21. Give t(1).
-6
Let k(f) = -2*f + 52. Calculate k(21).
10
Let o(h) = h**3 - 5*h**2 + 4*h. Calculate o(3).
-6
Let a(l) = 5*l - 34. What is a(5)?
-9
Let k(f) = 2*f**2 - 5*f - 13. Calculate k(6).
29
Let u(d) = -6*d - 139. What is u(-22)?
-7
Let d(r) = 8*r + 234. What is d(-30)?
-6
Let g(w) = w**3 + 9*w**2 - 8*w + 20. Determine g(-10).
0
Let m(l) = -l**3 + 2*l**2 + 3*l - 9. Calculate m(0).
-9
Let t(y) = -y**3 - 7*y**2 + 34*y - 7. Determine t(-10).
-47
Let c(m) = 5*m - 86. What is c(16)?
-6
Let t(d) = 48*d**3 + d**2 + d - 2. What is t(1)?
48
Let s(t) = 124*t - 250. What is s(2)?
-2
Let p(y) = y**2 - 19*y + 68. What is p(4)?
8
Let l(j) = j**2 + 5*j - 26. Determine l(4).
10
Let q(h) = 7*h - 23. Calculate q(10).
47
Let a(k) = -k - 10. Determine a(9).
-19
Let h(b) = -b**3 + b + 12. Determine h(0).
12
Let d(v) = 7*v + 23. Determine d(14).
121
Let b(v) = -v**3 - 14*v**2 + 18*v + 25. Determine b(-15).
-20
Let p(s) = -17*s + 115. Give p(9).
-38
Let j(g) = g**3 + 10*g**2 + 2*g - 1. What is j(-10)?
-21
Let s(f) = 4*f + 13. Calculate s(-6).
-11
Let k(o) = o**2 + 8*o + 2. Calculate k(-7).
-5
Let h(d) = -5*d + 26. Determine h(11).
-29
Let b(t) = 7*t - 1. Calculate b(4).
27
Let x(v) = v**2 - 3. Determine x(3).
6
Let i(q) = -7*q**2 + 2*q + 3. Give i(-1).
-6
Let m(w) = -6*w - 14. Give m(-3).
4
Let c(h) = -2*h + 15. What is c(7)?
1
Let d(z) = 2*z**3 - 11*z**2 + 7*z - 3. Give d(5).
7
Let p(v) = v + 4. Give p(-8).
-4
Let h(t) = t**3 + 5*t**2 + 5*t - 7. Give h(-4).
-11
Let p(n) = -n**3 - 13*n**2 - 13*n + 15. Give p(-12).
27
Let p(z) = -z**3 - 17*z**2 - 18*z + 1. Give p(-16).
33
Let p(g) = g**3 - 7*g**2 - 2. Determine p(7).
-2
Let s(a) = a**2 - 5*a + 1. What is s(5)?
1
Let f(y) = -7*y + 28. Give f(4).
0
Let q(o) = o**3 - 2*o**2 - 11*o + 7. What is q(4)?
-5
Let z(a) = -8*a**3 - 2*a**2 - 3*a - 1. Give z(-2).
61
Let x(i) = -i**2 + 11*i - 4. Give x(9).
14
Let w(o) = -o**3 + 12*o**2 - 15*o - 3. Give w(11).
-47
Let p(l) = l**2 - 8*l - 11. Give p(9).
-2
Let m(v) = -v**2 - 3*v + 4. Calculate m(-5).
-6
Let m(u) = -u + 9. Give m(2).
7
Let y(w) = w**3 - 6*w**2 + 3*w - 12. Give y(6).
6
Let t(d) = -d**3 + 7*d**2 - 10*d + 3. Calculate t(5).
3
Let t(c) = 3*c**2 - 8*c. Calculate t(4).
16
Let r(g) = 2*g**3 + g**2 - 2*g + 3. Determine r(2).
19
Let a(l) = l**3 + 6*l**2 - 14*l + 17. Give a(-8).
1
Let r(n) = n**2 + 3*n + 8. Give r(0).
8
Let w(n) = n**3 - 9*n**2 - 5*n - 11. What is w(9)?
-56
Let a(b) = b - 1. What is a(7)?
6
Let o(g) = -g**3 - 18*g**2 - 17*g - 10. What is o(-17)?
-10
Let f(w) = -2*w + 1. Give f(-4).
9
Let i(m) = 2*m**3 - m**2 - 6*m + 4. Determine i(2).
4
Let s(q) = q**3 + 11*q**2 + 10*q - 4. Give s(-9).
68
Let l(f) = -8*f - 42. What is l(-7)?
14
Let x(p) = p**3 + 14*p**2 - 15*p - 8. What is x(-15)?
-8
Let v(o) = -o**3 + o**2 + 11*o + 13. Determine v(-3).
16
Let d(f) = f**3 - f**2 - 5*f - 4. Give d(-2).
-6
Let d(c) = -c**3 - 2*c**2 + 3*c - 4. Determine d(0).
-4
Let n(t) = -4*t**2 + t + 2. Calculate n(-1).
-3
Let q(y) = y**2 - 26*y + 16. Determine q(24).
-32
Let r(c) = 5*c**2 + c + 4. Calculate r(-3).
46
Let s(g) = 4*g + 282. Give s(-69).
6
Let i(t) = 2*t**2 + 12*t - 11. Give i(1).
3
Let x(y) = -y**2 + 15*y - 29. Give x(13).
-3
Let i(s) = -16*s - 3. What is i(-4)?
61
Let z(k) = -3*k**2 - 28*k - 1. What is z(-10)?
-21
Let t(f) = f**3 - 7*f**2 + 3*f + 6. Calculate t(6).
-12
Let s(c) = c**2 + 17*c - 101. Calculate s(5).
9
Let a(m) = m - 12. Give a(-13).
-25
Let x(h) = 13*h + 25. Determine x(-3).
-14
Let q(z) = -4*z - 16. Calculate q(5).
-36
Let s(n) = 6*n - 1. Calculate s(-3).
-19
Let g(i) = 4*i - 3. Give g(-1).
-7
Let t(d) = d**2 + 4*d - 73. Determine t(7).
4
Let g(j) = -2*j**2 - 35*j + 99. What is g(-20)?
-1
Let z(q) = 6*q**2 - q - 2. What is z(-1)?
5
Let n(h) = -h**2 - 20*h + 112. What is n(-25)?
-13
Let j(r) = r**3 - 21*r**2 + 20*r + 5. What is j(20)?
5
Let n(t) = 9*t**3 + t. Give n(1).
10
Let j(x) = 14*x - 9. Calculate j(5).
61
Let q(g) = -g**2 + 6*g + 1. What is q(3)?
10
Let n(a) = 2*a**2 - 18*a + 3. Give n(10).
23
Let o(h) = -h**3 - 4*h**2 + 31*h + 2. Give o(4).
-2
Let g(u) = u**2 - 2*u + 5. Give g(3).
8
Let u(m) = m**3 + 18*m**2 - 19*m - 3. Calculate u(-19).
-3
Let r(y) = -y**2 + 17*y + 8. What is r(17)?
8
Let z(h) = 2*h**2 + 45*h - 26. What is z(-24)?
46
Let o(m) = 2*m**2 - 13*m + 18. What is o(7)?
25
Let b(h) = 7*h + 4. Calculate b(-3).
-17
Let f(z) = 6*z + 81. What is f(-8)?
33
Let s(i) = 25*i**3 + i**2 + 2*i + 1. Calculate s(-1).
-25
Let a(m) = 10*m - 11. Determine a(1).
-1
Let t(g) = -31*g**2 - 278*g + 1. Determine t(-9).
-8
Let s(f) = -f**2 + 2*f + 32. Determine s(-5).
-3
Let x(j) = 2*j**2 - 11*j + 23. What is x(5)?
18
Let a(q) = q**2 + 13*q - 28. What is a(-16)?
20
Let s(f) = -f**3 + 4*f**2 + 15*f - 3. Calculate s(6).
15
Let t(g) = 9*g - 37. Determine t(4).
-1
Let j(n) = -n**2 + 19*n - 38. What is j(2)?
-4
Let l(b) = b**3 - 50*b**2 - 49*b - 112. Give l(51).
-10
Let j(x) = 13*x + 2. Give j(2).
28
Let x(y) = -y**2 - 8*y + 18. Give x(-9).
9
Let t(a) = 12*a - 113. Determine t(10).
7
Let b(f) = -2*f + 10. Give b(5).
0
Let z(o) = o**3 - 5*o**2 - 14*o - 11. What is z(7)?
-11
Let o(w) = -w**2 - 11*w - 14. Determine o(-5).
16
Let p(f) = 3*f + 50. Give p(-16).
2
Let m(o) = -o**2 + 12*o - 18. Give m(8).
14
Let i(u) = 3*u**2 + 22*u - 8. What is i(-10)?
72
Let w(d) = 18*d**3. Calculate w(1).
18
Let u(d) = 2*d**3 - 5*d**2 + 19*d - 36. Give u(2).
-2
Let c(s) = s - 6. What is c(9)?
3
Let u(x) = -x - 8. What is u(-6)?
-2
Let k(z) = z**2 - 3*z - 6. Determine k(-2).
4
Let r(a) = -3*a**3 - a - 1. Calculate r(-2).
25
Let t(y) = -y**2 - 5*y - 2. Determine t(-5).
-2
Let n(k) = -7*k**2 - 1. Calculate n(-1).
-8
Let p(t) = -3*t**2 + 95*t + 30. What is p(32)?
-2
Let q(y) = y**2 + 16*y + 30. Calculate q(-12).
-18
Let o(x) = -32*x + 316. Give o(10).
-4
Let m(h) = -h**2 - 6*h - 5. Calculate m(-7).
-12
Let n(k) = 3*k + 4. Give n(-11).
-29
Let v(j) = -j**2 + 5*j + 5. Calculate v(7).
-9
Let c(f) = -11*f + 25. Determine c(6).
-41
Let k(o) = -2*o + 5. Determine k(8).
-11
Let k(n) = -14*n - 107. Give k(-8).
5
Let m(g) = 18*g**3 + g**2 - 2*g + 1. Determine m(1).
18
Let f(y) = 7*y - 183. Calculate f(27).
6
Let o(n) = -2*n**2 + 24*n + 19. What is o(13)?
-7
Let x(f) = -2*f**2 + 3*f + 130. What is x(9)?
-5
Let g(a) = a**3 - 6*a**2 - 18*a + 20. Determine g(8).
4
Let u(c) = -c**3 + 8*c**2 + 6*c - 94. Give u(7).
-3
Let x(n) = n**2 + 8*n + 2. What is x(-7)?
-5
Let t(o) = o**2 - 67*o + 419. What is t(7)?
-1
Let f(o) = -o**2 - 10*o - 11. Determine f(-9).
-2
Let r(j) = 2*j**2 - j + 2. Determine r(-2).
12
Let u(v) = v**3 - 7*v**2 - 12*v + 10. Determine u(8).
-22
Let z(d) = -d**3 + 16*d**2 - 33*d + 11. What is z(13)?
89
Let o(q) = -q**3 - 74*q**2 + 394*q - 82. What is o(-79)?
-3
Let m(u) = -6*u - 2. Give m(-1).
4
Let z(j) = -5*j - 31. What is z(-16)?
49
Let n(u) = 15*u - 447. Determine n(30).
3
Let t(k) = -k + 9. Calculate t(2).
7
Let l(s) = 2*s - 1. Calculate l(3).
5
Let g(i) = i**2 - 7*i - 5. What is g(-4)?
39
Let v(m) = -m**3 - 2*m**2 - 2*m + 2. Determine v(-2).
6
Let g(s) = 4*s**2 + 4. Give g(-3).
40
Let l(k) = 4*k**2 - 63*k - 3. What is l(16)?
13
Let i(s) = -s**3 + 20*s**2 - 20*s + 33. What is i(19)?
14
Let q(v) = -3*v + 4. Give q(-7).
25
Let v(k) = k**3 - 26*k**2 + 22*k - 5. Determine v(25).
-80
Let j(c) = 7*c**2 - c - 1. What is j(1)?
5
Let t(o) = o**2 + 16*o + 59. Determine t(-14).
31
Let d(x) = -2*x**3 + 15*x**2 - 13*x - 7. Calculate d(7).
-49
Let r(z) = -14*z**3 - z**2 + 1. What is r(1)?
-14
Let u(j) = -j**3 + 3*j**2 + 2*j - 1. What is u(2)?
7
Let q(t) = -22*t**2 + 4. Determine q(2).
-84
Let a(x) = -2*x**2 + 8*x + 4. Give a(6).
-20
Let z(t) = -3*t**3 - 2*t**2 + 2*t + 2. What is z(-2)?
14
Let s(x) = -4*x - 16. What is s(-6)?
8
Let n(g) = -5*g**2 + 15*g - 25. What is n(3)?
-25
Let m(x) = -74*x**3 + 2*x**2 - x - 2. Determine m(-1).
75
Let j(c) = c**2 - 28*c + 12. Determine j(27).
-15
Let o(x) = 2*x**2 - 4*x - 15. Calculate o(-2).
1
Let t(i) = 2*i**2 - 7*i + 14. What is t(6)?
44
Let q(t) = -2*t + 4. Give q(15).
-26
Let k(y) = 15*y + 1. What is k(1)?
16
Let x(j) = -20*j + 28. Give x(1).
8
Let y(k) = -k**3 + 12*k**2 + 46*k - 21. Determine y(15).
-6
Let q(u) = u**2 + 14*u + 14. Calculate q(-12).
-10
Let j(u) = 3*u - 1. Determine j(-7).
-22
Let a(u) = -u**3 + 5*u**2 - 9*u + 8. Calculate a(3).
-1
Let i(t)